 -y*p + 5*n + 26 = -3*p. What is the units digit of p?
1
Let g = -8 + 10. Let d(j) = j**3 - j**2 - 1. Let s be d(g). Suppose l = s*l - 16. What is the units digit of l?
8
Suppose -5*k + 89 = 19. What is the tens digit of k/(-7) - 64/(-2)?
3
Let n = -5 - -186. What is the tens digit of n?
8
Let c = 11 + -5. What is the units digit of c?
6
Suppose 0 = d - 69 - 5. What is the tens digit of d?
7
Let f = -38 + 43. What is the units digit of f?
5
Let r be (-4)/(1 + (-15)/12). Suppose -2*h - y + 5 + 9 = 0, -h + 4*y = -r. Let z(b) = b**2 - 6*b - 7. What is the units digit of z(h)?
9
Let m = 1 - 1. Suppose -3*a + 13 = q, 4*q + 3*a = -m*a + 16. What is the units digit of q?
1
Let r(a) = a**3 - 7*a**2 + 5*a + 10. Let d(n) = -n**2 + n + 1. Let v(z) = -6*d(z) + r(z). What is the units digit of v(0)?
4
Let m = 5 - 1. What is the units digit of ((-9)/(-6))/(2/m)?
3
Let q(w) = -w**2 - 6*w + 3. Suppose 14 + 10 = -4*j. Let z be q(j). Let b(h) = -h**3 + 5*h**2 - h - 1. What is the tens digit of b(z)?
1
Let w = -16 - -8. Let s(k) = k**2 + 7*k - 7. Let u be s(w). Suppose 21 = -3*j - 5*r - u, 19 = -j - 4*r. What is the units digit of j?
1
Let w(h) = 5*h + 5 - 8*h + h**2 - h. What is the units digit of w(6)?
7
Suppose 5*i - 3*t = 14, -2*i + 5*t = -7*i - 10. What is the units digit of -1 + 38/i - -2?
9
Let y(k) = k**3 + 2*k**2 - 2*k - 2. Let t be y(-2). Suppose t*o - 8 + 0 = 0. What is the units digit of (-1 - -1) + o/2?
2
Let i be (1 - 2)*1 + 6. Suppose -2*k + 4*k = 3*h + 3, i*h = -k + 8. Suppose o - 3 = k. What is the units digit of o?
6
Let d = 73 - 40. Suppose -2*l + w = 124, 3*l - 2*w - d + 220 = 0. What is the units digit of (-2)/(-7) - l/7?
9
Suppose 5*y = 7*y - 50. What is the tens digit of y?
2
Let s = -191 + 284. What is the units digit of s?
3
Let v(q) = -q**3 - q + 6. Let k be v(0). Let i = 13 - k. What is the units digit of i?
7
Suppose i + 7*i - 56 = 0. Let z(u) = u**3 - 7*u**2 + u + 10. What is the units digit of z(i)?
7
Suppose 0*x - 2*x = -70. What is the units digit of x?
5
Let r(t) = 2*t**2 - 4. Let i = -2 - -5. What is the units digit of r(i)?
4
Let a(j) = 2*j**2 - 3*j + 4. What is the units digit of a(2)?
6
Let k = -52 - -106. What is the units digit of k?
4
Suppose 4*f + f + 135 = 0. Let s = -18 - f. Let i = 16 - s. What is the units digit of i?
7
Let f be (1 + (-4)/2)/(-1). What is the units digit of f + 7/((-7)/(-2))?
3
Suppose -4 = i - 2*i. Let x = i - -4. What is the units digit of x?
8
Suppose k - 136 = -5*w + 259, 5*k = 0. What is the units digit of w?
9
Suppose 2*p = -5*z + 26, p - 5*z + 19 = 2. Let c = 4 + 6. Suppose -p*h - 1 = -c. What is the units digit of h?
3
Let t = -22 + 12. What is the units digit of t*(5/(-2) + 1)?
5
Let x(f) = f**2 - 2. Let n be x(3). Suppose n = -8*i + 9*i. What is the units digit of i?
7
Suppose 0*c = -c + 14. Let l = 23 - c. What is the units digit of l?
9
Suppose -9*j + 17*j = 672. What is the units digit of j?
4
Let w(m) = -2*m + 7. Let p be w(5). Let b = 2 - p. Suppose -13 = 2*c + b*k + 6, -5*k = 3*c + 16. What is the units digit of c?
3
Let d = -28 - -31. What is the units digit of d?
3
Let n be 0*(-2)/8 - -4. Suppose -5*j + 98 = 2*f, 2*j - 4*f + n = 24. What is the tens digit of j?
1
Suppose v - 124 = -3*v. What is the tens digit of v?
3
Let b = -48 - -70. What is the units digit of b?
2
Let y = 5 + -3. Suppose -y*t + 9 + 13 = 0. Suppose -1 = 2*g - t. What is the units digit of g?
5
Let v(m) = 12*m - 16*m - 2 - 19*m. Let l(q) = -11*q - 1. Let o(u) = -9*l(u) + 4*v(u). What is the units digit of o(1)?
8
Let m = 154 + -101. What is the tens digit of m?
5
Let c(o) = -o**2 - o + 2. Let r be c(-2). Suppose 2*m + m - 18 = r. What is the units digit of m?
6
Suppose 0 = -5*m + 11 - 1. Suppose m*c - 7 = 7. What is the units digit of c?
7
Suppose 248 = 7*l - 886. What is the units digit of l?
2
Suppose 3*y = y + 6. Suppose 0 = y*m + 2*m - 100. What is the units digit of m?
0
Suppose 2*k = -5*n + 24, 2*k - 4*n + 2*n - 52 = 0. Suppose -4*p - 8 = 5*m, 0 = -2*p - 2*m + 6*m + k. Suppose 3*w - p = 9. What is the units digit of w?
4
Suppose 0*z + 108 = 3*z. Suppose -19 = -2*x - t, 3*t - z = -3*x - 0*t. Let o = x - 5. What is the units digit of o?
2
Suppose -4*y + 149 = -367. What is the tens digit of -3 - -1*y/3?
4
Let q = -5 + 8. Suppose -5*a = q - 23. Suppose -f - 18 = -a*f. What is the units digit of f?
6
Suppose -5*t = 0, -5*t - 10 = -2*n - t. Suppose 2*o + 11 - 34 = n*i, 0 = -5*o + 5*i + 65. What is the units digit of o?
4
Let t = 7 - 2. Suppose -t*w = 4*r - 71 - 11, w - 3*r = 5. What is the units digit of w?
4
Let w(u) = u**3 - 9*u**2 + 9*u + 5. Let f be w(8). Suppose -p = 1 - f. What is the units digit of p?
2
Suppose -10 = -3*b + 20. Let g(p) = 2*p + 12. What is the units digit of g(b)?
2
Let t = -11 + 15. Suppose -8 = -t*f + 56. What is the tens digit of f?
1
Let p = 362 - 69. What is the hundreds digit of p?
2
Let m be 1 - ((-4)/2 - 2). Suppose 10 = m*n - 0*n. Suppose 0 = -2*g - n*g + 44. What is the tens digit of g?
1
Suppose -4*s + 20 + 60 = 0. What is the units digit of s?
0
Let l = 155 + -90. What is the units digit of l?
5
Let u(g) = 3*g**2 + g + 2. What is the tens digit of u(5)?
8
Let y = 180 - 37. What is the units digit of y?
3
Let s = -14 - -27. Let r = s - -4. What is the tens digit of r?
1
Suppose -c = 4, u - 3*c = c + 21. Let t be u/((-5)/2) - -20. What is the units digit of 16/(-72) - (-238)/t?
3
What is the units digit of (-4)/10*(-57 - -12)?
8
Let s(b) = b**2 + b - 10. What is the tens digit of s(-8)?
4
What is the tens digit of (20 - 33)/((-2)/12)?
7
Let k = 4 - 2. Suppose -4*p = -k*p - 18. What is the units digit of p?
9
Let i(x) = x**3 - x**2 - 10*x + 5. What is the units digit of i(4)?
3
Suppose -4*u = -5*u + 4*y + 311, 5*y = 4*u - 1189. What is the tens digit of u?
9
Let y(p) = -p**2 + 6*p + 6. Let a be y(8). Let k = a + 21. What is the tens digit of k?
1
Let y(f) = 3*f**2 - f + 1. Let t be y(1). Suppose 130 = 5*i - g, -3*g = t*i + 13 - 73. What is the units digit of i?
5
Suppose -2*g + 8 = -24. Let n = 27 - g. What is the tens digit of n?
1
Suppose -a = -4*w + 3*a - 4, 0 = 5*w + 5*a + 45. Let m(b) = b**2 + 4*b - 3. What is the units digit of m(w)?
2
Suppose 0 = -2*t + 12 - 0. Let i = -3 + t. Suppose 0 = -g - 3*o + i, 4*g = 6*o - 2*o + 44. What is the units digit of g?
9
Let q(i) = -i**2 + 6*i + 8. Let n be q(6). Let d be n/3 - (-3)/9. What is the units digit of ((-3 - -1) + d)*7?
7
Let b(g) = -74*g - 1. What is the units digit of b(-1)?
3
Let b be (1*0/2)/(-2). Suppose -l = -b*l. Suppose l = 5*u - 4 - 11. What is the units digit of u?
3
Suppose 106 = 2*q - 128. Let o = 63 - q. What is the units digit of 2/7 - o/7?
8
Let v = -16 + 36. Suppose o - v = -0*o. What is the tens digit of o?
2
Suppose 0 = 2*u - 15 - 47. What is the tens digit of u?
3
Let g = 15 + -11. Suppose g*f = -4*d + 2*d + 22, 4*d = 3*f. What is the units digit of 2 - (-1 + d) - -11?
1
Let z(l) = 3*l**3 + 4*l**2 - 4*l + 2. Suppose -5*o = -3*g - 25 + 9, -g = -5*o + 12. What is the tens digit of z(o)?
3
Let r(h) = h + 11. Let u = 3 - 2. Let x be (-7 - 0/(-3))/u. What is the units digit of r(x)?
4
Suppose -2*n - 66 = -2*a - 3*n, 0 = -3*a + n + 99. What is the tens digit of a?
3
Let f(c) = -c**3 + 10*c**2 + 11*c + 5. Let r(o) = -3 - o + 8 + 0*o + 2*o. Let s be r(6). What is the units digit of f(s)?
5
Let y = 418 - 236. What is the tens digit of y?
8
What is the tens digit of (-1347)/(-33) + (-4)/(-22)?
4
What is the tens digit of -74*(28/8 - 4)?
3
Suppose 7*a = -2*a + 324. What is the units digit of a?
6
Suppose -41 = -c + 9. What is the tens digit of c?
5
Suppose -772 + 204 = -8*a. What is the units digit of a?
1
Let z(x) = -3*x + 257. What is the units digit of z(0)?
7
Let r = 4 - -2. Suppose r*h = h + 35. Let u = -3 + h. What is the units digit of u?
4
Let l = -27 + 78. What is the units digit of l?
1
Let a = 38 + -13. What is the units digit of a?
5
Suppose 5*a + 3 = -3*k, 4*k + 4*a + 4 + 0 = 0. Let y be (-2)/(15/12 + k). What is the units digit of 63/12 - (-2)/y?
5
Suppose -15 - 3 = -z. What is the tens digit of z?
1
Let h be 2/(-7) + 6/21. What is the units digit of 0 - -59 - (-2 + h)?
1
Let u be (4/3)/((-2)/(-15)). Let m = -11 + 5. Let b = u + m. What is the units digit of b?
4
Let u(g) = -g**3 + g**2 + g + 1. Let z be